 the units digit of o?
7
Let x(s) = -1074*s - 454. What is the units digit of x(-5)?
6
Suppose -1 = -h - 4*b, 0*h - 2*h + 9 = b. Suppose 0 = l + 2*l. Suppose -4*p + h*c - c = -16, l = -2*p - 4*c + 2. What is the units digit of p?
3
Let f(a) = -3*a**2 + 666. What is the units digit of f(0)?
6
What is the units digit of 1/((-2)/(-694) - 0) + 1?
8
Suppose -5*r + p = -7*r + 5083, 4*p = -2*r + 5086. What is the tens digit of r?
4
Suppose 6*k - 6301 = 431. What is the tens digit of k?
2
Suppose -3*t - 2*t + 35 = 0. Suppose -2*y + t = -9. Suppose -5*m - 81 = -y*m. What is the tens digit of m?
2
Suppose b - 1449 = 2*i, -4*i = -4*b + 5416 + 388. What is the hundreds digit of b?
4
Let l(w) = -8*w - 2. Let z(r) = r**3 + 5*r**2 - r - 6. Let i be z(-5). What is the units digit of l(i)?
6
Let k(b) = b**3 + 3*b**2 - 11*b - 2. Let u be k(4). Suppose -2*q + 3*q = u. What is the tens digit of q?
6
Suppose -6*u + 3*c - 1927 = -17257, u - 4*c - 2569 = 0. What is the hundreds digit of u?
5
Suppose 4*u = -4*u + 32. Suppose 5*a + 378 + 150 = u*w, -2*a - 389 = -3*w. What is the hundreds digit of w?
1
Let j(v) = -12*v - 2. Let t be (1/3)/((3/(-45))/1). What is the units digit of j(t)?
8
Suppose 677 - 4226 = -3*f + 2*m, 0 = -4*f + 5*m + 4725. What is the thousands digit of f?
1
Let q(o) = 35*o**3 - 5*o**2 + 10*o - 6. What is the hundreds digit of q(3)?
9
Suppose d + 8 = -2*t - 0, 2*d = -2*t - 8. Let m(y) = 5*y**2 + 4*y + 8. What is the units digit of m(t)?
2
Suppose 16 + 4 = 5*q. Suppose 13 = q*f - 7. Suppose -3*m = -5*d - 74, -f*m - d = d - 113. What is the units digit of m?
3
Suppose 0 = -20*o + 6*o + 6090. What is the tens digit of o?
3
Let m(u) = -u**3 - 20*u**2 + 5. Let x be m(-20). Suppose p - x*a + 685 = 6*p, 5*p - 5*a = 645. What is the units digit of p?
3
Let l be (5 - 2) + -6 - 20/(-4). What is the tens digit of 138/l*(-5 - (3 - 9))?
6
Let a(h) = -h**3 - 7*h**2 - 6*h + 5. Suppose -y + 3*y + 12 = 0. Let p be a(y). Suppose 3*u + 5*k + 33 = 5*u, -p*u + 5*k + 75 = 0. What is the units digit of u?
4
Suppose -11*q + 2*q = 9. Let n(u) = -27*u - 3. What is the units digit of n(q)?
4
Let t = -6459 - -9174. What is the tens digit of t?
1
Suppose -160*r = -171*r + 41767. What is the units digit of r?
7
Let m(j) = -135*j**3 - 3*j - 2. Suppose 6*t + 31 = 25. What is the hundreds digit of m(t)?
1
Let h(y) = y**2 - y - 15. Suppose 2*v = -10 + 32. Let d be h(v). Suppose -13 = 2*q - d. What is the tens digit of q?
4
Suppose 0 = -2*s - 2, 10*z = 13*z + 5*s - 382. What is the units digit of z?
9
Let b(j) = -271*j - 698. What is the units digit of b(-6)?
8
What is the units digit of 13*6/351 - 3362/(-18)?
7
Let m(s) = s**3 + 4*s**2 - 6*s - 3. Let z be m(-5). Suppose z*r + 405 = 7*r. Let v = r - 44. What is the tens digit of v?
3
Suppose -25*l + 2457 = -24*l - 4*d, 0 = -4*l - d + 9760. What is the hundreds digit of l?
4
Let b(d) = -d**2 + 33*d + 52. Let g be b(24). Suppose -g + 18 = -2*n. What is the tens digit of n?
2
Suppose 9*p = -0*p + 6012. Suppose 2*f - p = -4*m, m - 328 = -m - 4*f. What is the tens digit of m?
6
Suppose 0 = 74*h - 70*h - 16. Suppose 2*n - 174 = -x - 0*x, 0 = -3*x - h*n + 522. What is the tens digit of x?
7
Let z be -19*7 + (-2)/(-1). Let v = -65 - z. Suppose 100 = 4*h - 2*j - 0*j, v = 3*h + 3*j. What is the tens digit of h?
2
Let r(l) = 0*l - l - 3 - 4*l - 2. Let x be r(-5). Suppose -8 = -d + x. What is the tens digit of d?
2
Let g be (6/12)/(2/28). Let r = -112 - -114. Suppose g - r = 5*n. What is the units digit of n?
1
Let c(b) = b + 2. Let u be (-9)/(-3)*6/9. Let g be c(u). Suppose g*s - 18 = s. What is the units digit of s?
6
Let u = 13 + 119. Let f = 210 - u. What is the tens digit of f?
7
What is the units digit of ((-129)/(-6) - -6)*(25 + -1)?
0
Let v = -6511 + 10801. What is the hundreds digit of v?
2
What is the hundreds digit of 3 + -1 + -1 + (-15 - -912)?
8
Let r(u) = u**2 + 10*u + 7. What is the units digit of r(5)?
2
Let b = -41 + 45. Suppose -2*a + 400 = b*n, -n - 2*n + 302 = a. What is the tens digit of n?
0
Let o(w) = -w + 15. Let t be o(0). Let l = t - 15. Suppose 2*g + 3*r = 5, 4*g + 3*r + 8 - 15 = l. What is the units digit of g?
1
Let v(q) = 5*q**2 + 83*q - 246. What is the units digit of v(-42)?
8
Let l = -55 + 58. Suppose 31 = l*r + 4. What is the units digit of r?
9
Suppose -7*a - 17 = -45. Suppose 163 = a*l - 297. What is the hundreds digit of l?
1
Let l = -430 - -878. Suppose -16*d + l = -8*d. What is the tens digit of d?
5
Suppose 31 = 8*p - 41. Suppose -3*j + 2*s = -j - 110, 4*s = -2*j + 116. What is the units digit of j/6 + (-3)/p?
9
Suppose 3*m = -2*u + 2065, -m = 3*u + 455 - 1148. What is the hundreds digit of m?
6
Suppose -10*z + 22 = -28. Suppose -z*l + 2*p + 2*p + 975 = 0, -4*l + 780 = -5*p. What is the hundreds digit of l?
1
Suppose -68 - 12 = -4*r. Suppose -3*j - 51 = -2*z, z + 3*j + j - r = 0. What is the units digit of z?
4
Let d be 30/70 - 3648/(-14). Suppose 2*z = -z + d. What is the tens digit of z?
8
Let m(r) be the first derivative of 13*r**6/120 - r**4/24 + 7*r**3/3 - 5. Let t(k) be the third derivative of m(k). What is the units digit of t(1)?
8
Let n(q) = -q**3 - 7*q**2 - q + 2. Let a be n(-7). Suppose 5*x + 2*o + 24 = 0, -4*x - 37 = o - 16. What is the units digit of (x/a)/((-2)/123)?
1
Let d(j) = j + 19. Suppose -4*r = 11 - 3. Let l be ((-24)/(-20))/(r/10). What is the units digit of d(l)?
3
Let h = -630 + 940. What is the units digit of h?
0
Let v be (-856)/(-36) + (-4)/(-18). Suppose -6*z + v = -2*z. Suppose -10*h + 200 = -z*h. What is the tens digit of h?
5
Let l = 15 - -1. Let p be (-1 + 2)*1 + 5. Let g = p + l. What is the tens digit of g?
2
Let v(h) = 3*h + 12. Suppose -b = 7*b - 144. What is the units digit of v(b)?
6
Let b(n) = -55*n + 43. What is the units digit of b(-5)?
8
Let a(c) = -c**3 + 12*c**2 - 33*c + 9. Let h be a(6). Suppose h*n - 28*n = -137. What is the hundreds digit of n?
1
Let n(m) be the first derivative of 5*m + 11 - 3*m**3 - 9/2*m**2 + 1/4*m**4. What is the tens digit of n(10)?
1
Suppose 3*q + 2*a = -2*a + 1138, -q - a = -379. What is the tens digit of q?
7
Suppose 2*g - 14 = -3*n, 0 = 5*n - 3*g + 4*g - 14. Suppose 3*r = 4*u + n + 2, 4*r = u + 14. Suppose -73 + 11 = -u*s. What is the units digit of s?
1
Suppose -86*g = -85*g - 2. What is the units digit of 492/g - (15 - 11)?
2
Let d be 14*((-81)/(-234) - (-4)/26). Suppose -8*r + 76 = -d*r. What is the units digit of r?
6
Let o(g) = -8*g**3 - 2*g + 1. Let p be ((-4)/10)/(1/5). What is the tens digit of o(p)?
6
Let l(s) = 115*s**3 - 2*s**2 + 2*s - 1. Let q be l(1). What is the tens digit of (2 + q/(-9))*-3?
3
Let a = 14 - -31. Let c = 84 - a. What is the tens digit of c?
3
Let d = 21 - 14. Let j(q) = 7*q + 1. What is the tens digit of j(d)?
5
What is the tens digit of (-5920)/(-15)*(-12)/(-8)?
9
Let g be 5/((-15)/(-6)) + 27/9. Suppose 7*c - 5*q = 3*c + 4, -3*c = 5*q - 3. What is the units digit of g + (-5)/c + 2?
2
Let o = -1643 - -2744. What is the tens digit of o?
0
Suppose -15*z + 1618 = -752. What is the hundreds digit of z?
1
Let o = -2 - -5. Suppose 0*h - h = -o. What is the units digit of (h - 6) + 3 + 2?
2
Let y(i) = 3 + 8 + 1 + 9*i. What is the tens digit of y(5)?
5
Suppose 3*x - 5*l + 53 = 4*x, -x + 5*l = -23. Suppose -16 = -t + x. What is the units digit of t?
4
Let o = -34 + 56. Suppose o = -2*u + 106. What is the units digit of u?
2
Suppose -2*j + 6 = 4. Let z(i) be the second derivative of 3*i**4 - i**2/2 + i. What is the units digit of z(j)?
5
Let g(o) = -o**2 + o + 5. Let j be g(0). Let s(y) = -23*y + 29. Let x(b) = 12*b - 15. Let l(v) = -3*s(v) - 5*x(v). What is the units digit of l(j)?
3
Let b = -36 - -42. Suppose b*r - 2*r = -4*i + 280, 0 = 4*i + 8. What is the units digit of r?
2
What is the hundreds digit of (-955)/(-10)*(64/(-2))/(-8)?
3
Let n(w) = 5*w**3 - 4*w + 6. Suppose -q - 2*y - 2 = 3*q, 3*q = 5*y + 31. What is the tens digit of n(q)?
3
Let x be ((-145)/(-15))/(3/9). Suppose -4*q + x = -43. What is the tens digit of q?
1
Let b(j) = -j**2 + 2*j + 2. Let t be b(0). Suppose t*z + 742 = 4*o, -2*z - z = -9. What is the hundreds digit of o?
1
Let k be (-1)/2*(-7 + 9). Let i(n) = 75*n**2 + n + 1. What is the units digit of i(k)?
5
Let v(a) = 16*a**3 + 3*a**2 - 6. Let r(i) = 5*i**3 + i**2 - 2. Let p(g) = 11*r(